-123 + (182 - 56)).
89
47 + (-18 + 1 - -12)
42
Calculate (13 - (-1 + -4)) + (8 - 29) - (-2 + -125).
124
Evaluate 39 + -36 + -7 + 23 + -98.
-79
-39 - (21 - -5) - -20
-45
Evaluate -5 + -4 + (-63 - -72).
0
Evaluate 99 - 40 - 44 - 18.
-3
What is the value of 12 - 22 - (331 - 302)?
-39
What is the value of (-22 + 33 - 57) + 25?
-21
Calculate (44 - 63 - (7 + -32)) + (35 - 0).
41
What is 32 + (-73 - -56) - 60?
-45
Calculate -1 + -6 - (5 + -17 + 154 + -90).
-59
Calculate -73 + (41 - -15) + (-1 - 22).
-40
Calculate -140 - (-35 + 69 + -37) - -38.
-99
Calculate 174 + -54 + (-259 - -127).
-12
Calculate (-7 - (-8 + 94)) + 17 + (7 - (16 - 2)).
-83
(77 - -1) + (105 + -39 - 74) + 18
88
Calculate -69 - 2 - ((1 - 14) + -61 + 59 + 7).
-63
What is the value of -7 - 2 - (9 + 7 + -9 - 21)?
5
Evaluate -82 + 1 + (103 + -319 - -213).
-84
Calculate (-16 - (9 - 32)) + 11 - 16 - 25.
-23
Evaluate 0 + (3 - (-8 + 12)) + -4 + 11 + -62.
-56
Evaluate -65 + ((-465 - -459) + 5 + (1 - 1) - 12).
-78
What is the value of -73 + 29 - (49 - 62)?
-31
Evaluate (-6 - 5) + 66 + (3 - 4) + 7.
61
Evaluate -65 + -78 + 119 + (-1 - 0).
-25
260 - 205 - ((-9 - (1 - 5)) + 5)
55
Evaluate 25 - (22 - (-42 - -31)).
-8
What is the value of 8 + (-5 - (12 - (2 - -23)))?
16
Calculate -2 + 0 + (46 + -135 - -87) - (-2 - -17).
-19
(-2 - -33) + (-10 + 28 - (3 + 1))
45
What is -7 - -18 - -11 - 41 - -44?
25
Calculate (13 - (6 + (20 - 26))) + -16 + -40.
-43
Calculate 0 + -2 + (-13 - (-96 + 79)).
2
What is the value of -5 + -53 + (73 - 1)?
14
Evaluate 31 + 28 + 6 - (7 - (3 + -7)).
54
What is -4 - (-1 + 51 - (-8 + (-10 - -21 - -1)))?
-50
Calculate -5 - -256 - (1221 - 1097).
127
Calculate (-50143 - -50277) + ((2 - 2) + 0 - -15).
149
Evaluate 74 - (-1 + 0) - (-35 - -64 - 29).
75
What is the value of 0 + -29 + 1328 + -1319?
-20
-4 + -19 + 33 - 10 - -33
33
What is (1 - 39) + (10 - 1 - (1 - (-6 + -6)))?
-42
What is the value of 1 + (15 + 1 - (9 + -34 + 35))?
7
-393 + 437 + (-1 - 5 - (-4 + 2))
40
(-53 - -99) + (26 - 3) - ((0 - -13) + 0)
56
(85 - 10) + (-13 - (13 - 28) - (3 + 0))
74
What is -19 + 0 - -43 - (6 - 2)?
20
Calculate -21 + 79 + (-53 - -8).
13
What is -27 - ((24 - 25) + -30) - (-107 - -5)?
106
What is 0 + (-2 - -2) + -4 + 144 + -18 + -83?
39
What is -14 - (-34 + (29 - -41) + -17)?
-33
What is the value of 4 + -124 + 149 + -31?
-2
What is -34 + 2 - ((-133 - -163) + -41)?
-21
What is the value of (9 - (49 - 6)) + (323 - 299)?
-10
What is the value of 3 + (8 - (8 - -18 - 0)) - (-10 - 0)?
-5
Evaluate (-29 - 0) + (-1796 - -1802).
-23
What is -10 + (3 + -16 + -4 - -30)?
3
Evaluate 19 + -113 + -15 - -35 - 11.
-85
Evaluate -21 + 107 - (23 + -10) - -11.
84
What is the value of (-4 - (26 + 16)) + 141?
95
What is the value of 6 + (14 + -8 - 30) - -7?
-11
-17 + (-3 - -1 - (-5 + -3 - -5))
-16
Calculate 0 + 11 - ((13 - 0) + -93 + 84).
7
What is 45 + (-3 + 9 - 27)?
24
What is (35 + -87 + 52 - (-25 - (2 - 1))) + -5?
21
17 - (20 + (9 - -8))
-20
What is the value of 48 - ((20 - -146) + -107)?
-11
(838 - 799) + 0 + -3 + -9 + (2 - 1)
28
Evaluate -14 - (41 + -25 + 30) - (-18 + 2).
-44
What is the value of (51 - (38 + -11)) + 5 + (1 - 16)?
14
What is the value of 15 + (-9 - 10 - (103 + -15 - 8))?
-84
Calculate -8 - (11 + -27 + 6 + 13 + -10).
-1
-40 + 12 + -28 + -12 + 15
-53
Evaluate (6 - 40) + (11 - -1) + 3 + -8.
-27
What is the value of 0 - 67 - (-12 + 22 + 2 - 22)?
-57
Evaluate (-1 - 45) + ((13 - 17) + 24 - 7).
-33
What is 3164 + -3181 + (2 - -8)?
-7
Calculate -53 + (-56 - (-76 - -20)).
-53
What is -27 + -13 + 40 + 0?
0
Evaluate 170 + -163 - (10 + -47 + 13).
31
What is the value of -6 + 11 + -9 - -17 - 25?
-12
12 + (24 + -12 - -28) + -8 - -8
52
What is -38 + 80 + 49 + -47?
44
(87 - 24) + (13 - -29) + -39
66
Evaluate 20 + 9 + -17 + 3 + -41.
-26
Evaluate 10 + (6 + -13 - -2 - 0).
5
Evaluate (21 - 3) + -430 + 369.
-43
31 - (-28 + (-28 - -32 - -1))
54
(-3202 - -3224) + (0 - -25)
47
What is -306 - -288 - (-59 - 6 - 0)?
47
Calculate 111 + -36 + -44 - (-3 + 133).
-99
What is the value of 44 + (-12 + 18 - 11 - 10) - -15?
44
What is the value of 29 + -21 + (5 - 9) + -9 - -41?
36
Evaluate -69 + 18 - (-106 + -1).
56
What is -5 + (-13 - (-75 - -27)) - 9?
21
Calculate 25 + -2 + 3 + -8 + 10 + -27 + 17.
18
What is the value of (31 - -6) + 38 + 24 + -62?
37
Evaluate (5 - -5 - 6) + (21 - 39) + 4.
-10
What is 18 + -31 + 20 + -10 + (-22 - -2)?
-23
Calculate (-9 - 3 - (-87 + 83)) + 8.
0
146 + -185 - (-48 + -16)
25
What is (-2 - 1) + -7 + -88 + 117 + -86?
-67
Calculate (14 - 5) + 25 - 32 - -84.
86
Calculate -57 + 64 + 85 + (-10 - (-1 - 2)).
85
What is (32 - (0 + -3)) + -22 - 36?
-23
What is the value of 26 + (-13 - 0 - (684 + -679))?
8
Evaluate (35 - ((26 - 45) + 132)) + -2 + -1.
-81
Calculate 13 + -3 + -2 + -7 + 53 + -8.
46
Calculate (11 - -9) + -2 + -20 - -42.
40
24 + (13 - 18) + (-57 - 5)
-43
Evaluate -1 + 26 + -5 - (-46 + 47).
19
Calculate -1 - (6 + -5 + 2 + 21).
-25
Evaluate 7 + 2 + 0 + 130 + -116 + (-4 - -26).
45
Evaluate (9 - -1) + (-6 - (8 + (-10 - 5)) - -6).
17
Evaluate -11 + 0 + (150 - 130) + 2 - 38.
-27
Calculate -5 - (-28 + -4) - (19 + (-42 - -32)) - 14.
4
Evaluate -12 - 4 - (54 - 56) - 25.
-39
What is the value of -5 + (0 - 10 - (-48 - -40)) + -12?
-19
-33 + (-4 - (2 - 4)) + (91 - 91)
-35
Calculate -48 + 50 - (-1 + -1 - -1 - -35).
-32
(-14 + 34 - 6) + (13 - -49) + 11
87
Evaluate -16 + (17 - 3) + 14 + 6 + 2 + -20.
0
73 + -246 + 47 - -62
-64
What is the value of 11 + ((101 - -5) + -11 - -4) - (-1 + 2)?
109
2 - 74 - (-138 + 240 + -116)
-58
What is the value of (-7 + 0 + -3 - (34 - 18)) + 3?
-23
-2717 - -2587 - (-2 + 2)
-130
What is -5 - (-1 - -5) - (-22 + 1 - (23 + 23))?
58
What is the value of -80 + -48 + (-41 - -63) + 3 + 0?
-103
(-17 - (-50 + 80)) + 10
-37
Evaluate (-3 - -2 - -13) + (390 - 393) + (97 - 8).
98
What is 60 + (93 - (185 + -128))?
96
19 - (4 + 11 + -81)
85
Evaluate 3 + -8 + 3 + (-3 + 4 - -3 - -16).
18
Evaluate 49 + (-17 - (-9 - 5)).
46
What is 0 - -112 - (-133 - -117 - -2)?
126
Calculate (73 - (-4 - (-3 + 4 - 4))) + -650 + 651.
75
(1 - 5) + -11 + 13 + (-30 - (21 - 21))
-32
What is the value of (-78 - (6 - 76)) + (-1 - -2) + 52 + -8?
37
Evaluate 49 + -4 + -5 + 24 + -29.
35
Calculate (-2 - -5 - -48) + 414 + -403.
62
What is -58 + 0 + 6 + (42 - 75)?
-85
What is the value of -40 + 29 - -62 - 23?
28
Calculate -63 - ((14 + 6 + -32 - -9) + (2 - 6)).
-56
What is -6 + -4 + 3 + (-33 - -23 - (27 - -2))?
-46
Calculate 14 + 25 + (14 - -20 - 50).
23
-15 - (-11 - (-20 - 40))
-64
What is -98 + (18 - -115 - 74)?
-39
What is 1 + 3 + 386 + -409?
-19
(-2 - -1) + 21 - (605 + -675) - -11
101
Evaluate -115 + -86 + (40 - -106).
-55
What is -5 + -21 + (13 - 48) - -4?
-57
Calculate 40 - ((31 - -3) + -30 + 142).
-106
Calculate (68 - (18 + 42)) + (5 + -38 - (1 - -1)).
-27
Calculate -18 - (5 + 8 - 90) - -7.
66
Evaluate 37 - -37 - (19 + (-1 - -6)).
50
Evaluate (2 - 48) + 1065 + -1038 + 120.
101
Evaluate 381 + -297 + (2 - (3 - -17)).
66
What is 43 + -22 + 0 - ((-1 - -2) + 0 + -1)?
21
What is the value of 29 - (30 - -13 - -27)?
-41
Evaluate 14 + (-7 + -18 + 2 - -19).
10
-327 + 366 - (9 - 36)
66
Calculate -42 - ((4 - -23) + (126 - 144)).
-51
What is (-9 + (22 - 3) - -28) + (-5 - (4 - 10))?
39
Evaluate (9 - -1) + -64 + 42 + 2 + 40.
30
What is the value of (-2574 - -2664) + (-31 - -2)?
61
What is 40 - (7 + -5) - (152 - 161)?
47
2 + 0 + 0 - (-4467 + 4438)
31
(-5 - (-4 + -12 - 10)) + -59
-38
Evaluate 16 - (82 + -1 - (-178 + 194) - -5).
-54
Calculate 53 - (-52 - (18 + -105)).
18
What is -85 + 109 - (2 + 2 - ((-4 - -4) + 7))?
27
What is (0 - 17) + (-104 + -1 - (309 - 342))?
-89
What is (-4 + 7 - -20) + (-33 - (-29 + 27 - 36))?
28
Evaluate -98 - -177 - -41 - (-2 + 46).
76
What is the value of (-5 - -4) + 2 - 7 - (50 - 29 - 79)?
52
Evaluate 30 + -5 + (-6 - -3) - (-11 + 18).
15
Calculate -9 + (176 + -191 - (-7 - -1 - -69)).
-87
What is the value of -45 - (14 - (70 - 24))?
-13
What is -1 - (-5 + -4 + -2 - -50)?
-40
Evaluate 219 + -214 - (-2 - -15) - (-17 - -4).
5
(-1 - 4) + -687 + 686 + -5 + 19
8
What is -27 + -30 + -16 + 90?
17
Calculate 118 - (-152 - -190 - (10 - -2)).
92
What is the value of (-20 - -75) + 0 - 50?
5
Calculate (25 - 36) + (302 - 326).
-35
What is the value of 12 + -10 + 1 + (1 - (-8 - 56)) + 28?
96
22 + (-13 - 20) + 8 + 0 + -2 + -16
-21
Evaluate -